2*v + 3*n - 5*n + 500, -5*v = -4*n - 1277. Is v a composite number?
True
Let j(v) = 2*v**2 + 3*v + 10. Suppose 0 = -3*f - 3, -4*b + b + 2*f - 7 = 0. Let q be 2/(-3) + 19/b. Is j(q) a composite number?
True
Suppose 0 = -2*v + 5*o - 23, -v - 2*o - 14 = 4*v. Let z = 31 - v. Let n = 106 - z. Is n composite?
False
Is (6 + -2 - 14)*(-70353)/18 composite?
True
Suppose -11016 - 30894 = -30*t. Is t a composite number?
True
Suppose -10*m + 2251 = -5*m - 3*y, -4*m = -y - 1805. Suppose -2*d + 1074 = 3*d + 4*o, -4*o = -2*d + m. Is d a composite number?
True
Let y be (-2 - -5)*(-2 - -3). Suppose -y*l + 0*l - 206 = -u, 3*u - l - 618 = 0. Is u a composite number?
True
Let q(g) = -8*g**3 + 16*g**2 - 13*g + 19. Let i(w) = -3*w**3 + 5*w**2 - 4*w + 6. Let x(z) = -11*i(z) + 4*q(z). Suppose 5*l = -2*l - 63. Is x(l) composite?
True
Is (3/7 - (-96)/(-28)) + 11552 a prime number?
True
Suppose -5*a = -3*l - 19, -5*l + 2 + 8 = 0. Suppose -2*j + 114 = a*g - 4*g, -2*g = -8. Let y = 208 + j. Is y composite?
False
Let g(m) = 608*m - 21. Let h be g(4). Let r = h - 1129. Is r a composite number?
True
Let d be (-2)/(-5) + (-115)/(-25). Suppose 4*p - d*p = -18. Let n = -3 + p. Is n a composite number?
True
Is (-224)/784 + 171691/7 composite?
False
Suppose -2*k + c = -3*c - 2, -2*c + 32 = 2*k. Let z = -11 - k. Let y = z + 53. Is y a composite number?
False
Let p be 234/27 - (-2)/(-3). Let k(q) = 17*q + 26. Let x be k(p). Let i = x + -107. Is i composite?
True
Suppose 5*q + 99 = 14. Let x = -11 - q. Is (-817)/(-9) + x/27 composite?
True
Let w be (-6)/(-9)*((-22)/(-4) - 1). Suppose h - 6*h - 3473 = -w*a, 4*h + 16 = 0. Is a composite?
False
Let z(h) be the first derivative of -9*h**4/4 - 5*h**3/3 + 3*h**2 + h - 19. Is z(-4) prime?
False
Suppose 51 = 4*l - 397. Let a be (-6)/(12/l*2). Is (-8)/a + 9045/21 prime?
True
Suppose 5*u = -87 + 32. Let f be -107*(-2 - u)/(-1). Suppose -f = m - 4*m. Is m a composite number?
True
Suppose 2*m - 5*x = 6*m - 57834, -m + 2*x = -14465. Is m composite?
False
Suppose -45 = -11*b + 2*b. Suppose -7219 = -3*w - b*y, -4*w + 9668 = -2*y - 2*y. Is w prime?
False
Let z(n) = 2*n**2 + 11*n + 4727. Is z(0) a composite number?
True
Suppose 4*n = 5*j + 11, -n + 3*j + 12 = 2*n. Let d = -16 + n. Is 156 + 1 + (d - -7) composite?
False
Let x(j) = -j**2 - j. Let g(l) = -l**3 + 11*l**2 + 19*l - 24. Let m(c) = -g(c) - 2*x(c). Is m(11) prime?
True
Suppose 4*t = 6*t - 10. Suppose 5*a - 3*g = 400, -t*a = -2*a + g - 226. Is a composite?
True
Let i = -44 - -48. Let h be (57/(-12))/((-2)/56). Suppose -i*b + h = 2*o - b, -2*o + 93 = -5*b. Is o a prime number?
True
Let v = 3418 + -1491. Is v composite?
True
Let s(b) = -56*b**2 - 2 - 2 - b + 3 + 5. Let w be s(-6). Is (-18)/99 - w/22 a prime number?
False
Suppose -4*l - 41472 = -12*l. Suppose -4*j = 3*t - j - l, -2*j = -2*t + 3452. Is t a composite number?
True
Let o be (10 - -696) + 1 + 2. Let j = o + -258. Suppose 4*x - 3*x = j. Is x prime?
False
Let i = 18209 + -11148. Is i prime?
False
Let x = -1 - -3. Let b = -70 - -102. Suppose -46 = -x*o + b. Is o a prime number?
False
Let m be 12/(-16)*(0 - 364). Let q = -397 - -213. Let c = q + m. Is c a prime number?
True
Let a = 530 + -415. Is a composite?
True
Let g be ((-6)/(-8))/((-4)/2656). Let a = -199 - g. Suppose -i - 84 = -a. Is i prime?
False
Let r = -48 - -51. Is 1265 + r - (-6 - -3) a composite number?
True
Let f = 93079 + -52814. Is f a prime number?
False
Suppose 34 = 2*l + 2*p, l + 3*p = -0*l + 25. Suppose -5*u + 12 = a - l, -4*a + 5*u = 0. Suppose 0 = -a*z + 2*z + 1227. Is z prime?
True
Let d(t) = 44*t**2 + t + 12. Let y(k) = 87*k**2 + 2*k + 24. Let r(m) = -7*d(m) + 4*y(m). Is r(9) a prime number?
False
Let a(m) = 35*m**2 + 40*m - 197. Is a(18) prime?
True
Suppose 15 = 3*g - 0*g. Suppose 5*j + 0*j + 778 = -s, 3*s + 774 = -g*j. Let c = j - -341. Is c prime?
False
Suppose 40148 = -8381*n + 8385*n. Is n a prime number?
True
Let h be (-4 - 268/12)/(1/51). Let z = -684 - h. Is z a composite number?
False
Let s = 38 + 210. Suppose -26 = 3*x - s. Suppose x = c + c. Is c a prime number?
True
Suppose 2*b = -q + 11193, 69*b - 4*q = 70*b - 5579. Is b composite?
True
Let s be 6/21 + 1858/14. Let j = 26 - 24. Suppose -4*n + s = -j*u - 319, 4*u - 113 = -n. Is n prime?
True
Let h(g) = -117*g**2 + 2*g - 1. Let m be 5*-2*11/22. Let d be h(m). Is 1/(-2*4/d) composite?
False
Let b = 21553 + -8668. Is b/21 + 9/21 a prime number?
False
Let s(v) = 29*v - 96. Is s(17) composite?
False
Suppose 3*k + 25 + 8 = 0. Let h(c) = -120*c - 7. Is h(k) composite?
True
Is 6/(96/20) - 360261/(-44) prime?
False
Suppose 6010 = 2*s + 792. Suppose -51*p + s = -50*p. Is p a composite number?
False
Let d = -1550 - -826. Let t = d + 2085. Is t a prime number?
True
Let p(t) = 17008*t**3 + 2*t**2 - 5*t + 4. Is p(1) composite?
True
Let w(k) = 38*k - 19. Let d be w(3). Let x = 438 + d. Is x prime?
False
Let u(a) = -2832*a**3 - 3*a - 4. Is u(-1) prime?
False
Is ((-753435)/3)/(-5) + -8 prime?
True
Suppose -4*b - 6 = 2*i - 24, -5*i + b = -12. Let l(u) = -u + 3*u**3 + u**3 - 3*u**3 + 0*u**i - 8*u**2 + 5. Is l(9) composite?
True
Let o(v) = -51*v**3 - 2*v**2 + 2. Is o(-3) a composite number?
False
Let s = -1037 - -3400. Is s prime?
False
Let t(a) = -2*a**2 - 16*a + 4. Let k be t(-8). Suppose -k = -r, 5*s + 4*r = -505 + 4056. Is s a prime number?
False
Let w(n) be the second derivative of 3*n**3/2 - n**2/2 - 4*n. Let v be w(6). Suppose 2*x + t + v = 793, 0 = x - 2*t - 375. Is x composite?
True
Suppose -9*w - 26*w + 67235 = 0. Is w a composite number?
True
Suppose o + 5*c = 20666, 0*o + 82739 = 4*o - 5*c. Is o composite?
False
Let s(l) be the third derivative of l**8/20160 + l**7/5040 + 269*l**6/720 + l**5/30 - 4*l**2. Let t(j) be the third derivative of s(j). Is t(0) a prime number?
True
Is 3739/(-2)*(-1 - (-225)/(-9)) a prime number?
False
Let y be 2/(-4) + 30/4. Let s = y + -2. Suppose -s*r + 292 + 63 = 0. Is r composite?
False
Let t = 2 + -15. Let d(a) = 10*a**2 + 35*a + 50. Let m(z) = -2*z**2 - 7*z - 10. Let s(c) = -2*d(c) - 11*m(c). Is s(t) prime?
True
Suppose 23*q - 16*q - 8813 = 0. Is q a composite number?
False
Let i(s) = 2*s**3 - 8*s**3 - 3 + 7*s**3 + 5*s**2 + 3*s - 9*s. Suppose 3*l + 17 = 5. Is i(l) prime?
True
Let m = 117 + -135. Let t(g) = -345*g - 67. Is t(m) a composite number?
False
Suppose -4*o = -4*w + 16, -3*w = -o - o - 11. Let s(c) = -c**3 + 6*c**2 + 9*c - 8. Let b be s(7). Is 0 - (-158)/(b/w) a composite number?
False
Suppose 3*v - 40779 = -0*v + 3*u, 54368 = 4*v - 3*u. Is v a prime number?
False
Let d(x) = 2*x**2 + 3*x - 9. Let g(y) = y**2 - y - 1. Let q(o) = d(o) + 3*g(o). Is q(-3) a composite number?
True
Is -3 - (-5791 - 25/5) a prime number?
False
Is 14421 - (2 - (-7)/((-14)/(-4))) prime?
False
Suppose -21*s + 47201 = -3976. Is s composite?
False
Let d = -19 - -7. Suppose 5*u - 210 = 5*q, -2*q + 4*u = -4*q - 114. Let x = d - q. Is x composite?
True
Let j(c) = 22*c**3 + 7*c**2 - 3*c - 15. Is j(6) a prime number?
False
Let j(v) be the second derivative of 13*v**7/2520 + v**6/240 - 11*v**5/120 - v**4/4 + 2*v. Let u(q) be the third derivative of j(q). Is u(-8) composite?
False
Suppose -2*o = 5*f + 2*o - 24, -8 = f + 4*o. Suppose 12 = 5*w - f. Is w/6*954/12 a prime number?
True
Is (-9868593)/(-210) + 9/(-30) prime?
True
Suppose p + 3*a + 10 = 0, 0 = -0*a + a + 5. Is 1467/p + 8/(-20) a composite number?
False
Let h(y) = 2*y - 11. Suppose 5*i + 10 = 60. Let r be h(i). Suppose r*f = 5*f + 316. Is f a prime number?
True
Suppose 7*p - 623 = 3*p - 5*h, 2*p = -4*h + 304. Suppose -3*s + p = -93. Is s composite?
True
Is 3/(-1) + -5 + 4389 prime?
False
Let p = 16162 - 9829. Is p prime?
False
Suppose 0 = 2*u - 3 + 1, 4*k + 3*u = 11. Let p = 52 + 75. Suppose -262 - p = -3*z + r, 0 = -r - k. Is z prime?
False
Let b = -796 - -1644. Let g = 1207 - b. Is g a prime number?
True
Suppose 3*f - 12 = -f. Suppose 0 = 3*x + 4*x - 966. Suppose x = f*g - 21. Is g composite?
False
Let i(s) = -s - 8. Let h = -11 - -1. Let w be i(h). Let t(b) = 10*b**3 - 3*b**2 + 1. Is t(w) a prime number?
False
Let w(y) = 82*y**3 + y**2 + y - 1. Suppose -15 = -4*n + n. Suppose -6 = -2*q - 4*d + 4, 1 = -n*q + 3*d. Is w(q) prime?
True
Let c = -22 + 25. Suppose r = -c*x + 1439, 5*x - 5*r + 126 - 2511 = 0. Is x a prime number?
True
Let a = 13115